1600)/(-6))/((-36)/108).
797
Let i = 832 + -371. What are the prime factors of i?
461
Let g be (-2 + (3 - (-5 + -2)))*8. Suppose 19 = -5*k + g. List the prime factors of k.
3
Let s be 15/12 - 28/(-16). Let q(y) be the second derivative of y**5/20 - y**4/6 + y**3/2 + 3*y**2/2 + y. List the prime factors of q(s).
3, 7
Suppose -34 + 12 = 2*n. Let m = n - -10. Let u = m - -13. What are the prime factors of u?
2, 3
What are the prime factors of ((-114)/209)/(2/(-1166))?
2, 3, 53
Suppose 0*n - 92 = 4*n. Let l = -44 + 30. Let a = l - n. List the prime factors of a.
3
Suppose -10*j = -9728 - 4152. List the prime factors of j.
2, 347
Suppose 3*h - 1659 = -3*d, 3*d - 4*h - 2756 = -2*d. Let r = 838 - d. What are the prime factors of r?
2, 11, 13
Suppose -2*i - 20 = 4*p, 4*p = -3*i + p - 15. Suppose 3*u + 4*c - 76 - 2 = i, -2*u + 4*c + 32 = 0. List the prime factors of 0 + 2*u - 1.
43
Let r = -13 + 19. Let k(a) = -a + 2. Let h be k(r). What are the prime factors of (h/6)/((-2)/102)?
2, 17
Suppose 5*y - 4*x - 1559 = 0, -x = y - 6*x - 295. What are the prime factors of y?
3, 5, 7
Suppose -4*g + 0*g - 64 = 0. Let h(u) = 62*u - 401. Let b be h(6). Let r = g - b. List the prime factors of r.
13
Let a(h) = 3*h**2 + h + 29. Let t be a(-5). Suppose -o + 2*p = -t, 3*p + 7 = -o + 126. What are the prime factors of o?
107
Let h(s) = s**2 + 8*s + 59. Let q be h(-11). Let i = 0 - -24. Suppose 0 = 3*b - z - q, -4*b - 5*z + 67 + i = 0. List the prime factors of b.
29
Let b(t) = t**2 - 6*t - 12. Suppose 12*s - 4*s = 88. What are the prime factors of b(s)?
43
Suppose 4*c + 4*o + o = 597, 0 = -4*c - o + 577. Let w be 2/3 - c/(-33). Suppose w*u + 14 = 69. List the prime factors of u.
11
Suppose 0 = z + 5*u - 13, -3*u + 26 = z + z. Let a = 118 - z. What are the prime factors of a?
3, 5, 7
Let n(j) = 15*j**2 - 1. Let m(p) = 2*p**2 + 7*p + 4. Let r be m(-3). Let d be n(r). What are the prime factors of (-6)/(-21) - (-304)/d?
2, 11
Let b(h) = h**3 + 45*h**2 - 17*h + 19. What are the prime factors of b(-45)?
2, 7
Let p be (-501)/(-33) - (-8)/(-44). Suppose p = 6*w - 9*w, 2*w = i - 274. What are the prime factors of i?
2, 3, 11
Suppose 13 = r - 3*u - 2*u, 5 = -u. Let j(p) = -p**2 - 23*p - 26. List the prime factors of j(r).
2, 53
Suppose -2629 - 1587 = -4*c - 4*l, 6 = 3*l. What are the prime factors of c?
2, 263
Let h(y) = -2*y + 21. Let k be h(16). Let f(d) = 2*d**2 + 13*d - 10. List the prime factors of f(k).
89
Suppose p - 39 = -10. Suppose 0 = 3*q - 4*i - p, -2*q + 31 = -q + 4*i. Suppose 5*c = -q + 90. List the prime factors of c.
3, 5
Let x(h) = 13*h + 11*h**2 + 5 + h**3 - 5. What are the prime factors of x(-9)?
3, 5
Suppose 3*i = 15, -3*w + 77 = 27*i - 23*i. What are the prime factors of w?
19
Let p(q) = 7*q + 4. Let r = -2 - -9. Let s be r/2 + (-1)/(-2). List the prime factors of p(s).
2
List the prime factors of (3*136 - 3) + (13 - 9).
409
Let z(w) be the first derivative of w**7/70 + w**5/120 + 2*w**3 + 5. Let j(f) be the third derivative of z(f). What are the prime factors of j(1)?
13
Suppose 3*w - 394 = -w - 2*a, 2*w = a + 203. Suppose -5*i = 2*d - 27, 3*i - 2*d - 19 = -6*d. Suppose -i*u + w = -u. What are the prime factors of u?
5
Let q = 117 + -61. Let a = 72 + q. What are the prime factors of a?
2
Suppose 3*v - 10 = m, -v + 8 = 5*m - 22. Suppose v*f - f - 16 = 0. Suppose -5*z + f*j + 89 = 0, 3*z - 4*j + j - 54 = 0. List the prime factors of z.
17
Suppose -h + 22 = -12. List the prime factors of ((108/3)/2)/(4/h).
3, 17
Suppose -5*j - 165 = 4*u + 214, -4*u = -2*j + 414. Let x = u - -168. What are the prime factors of x?
67
Let f(v) = 41*v**3 - 7*v**2 + 11*v - 7. List the prime factors of f(3).
2, 5, 107
Let t be 0 + 7/((-28)/(-7144)). Suppose 4*g = -5*p + t, -p + 356 = g + g. Suppose 5*v - n - n - p = 0, 0 = 3*v - 3*n - 213. What are the prime factors of v?
2, 3
Let t(i) = -5*i - 40. Let y be t(-9). Suppose 4*x - 2*a - 2*a - 764 = 0, -y*a = 5*x - 945. List the prime factors of x.
2, 5, 19
Suppose -2*w + 6 = 0, j + 2*w = -0*j + 3. Let h be (j/(-9))/((-2)/(-12)). Suppose -3*l - k = -h*l - 16, -k - 98 = -5*l. What are the prime factors of l?
19
Suppose -60 = -5*i - 15. Let j = i - 7. Suppose 2*n - 5*n + 45 = 2*o, j*o - 58 = -4*n. What are the prime factors of n?
13
What are the prime factors of (4/(20/(-5905)))/(-8 + 7)?
1181
List the prime factors of 1 + (-4 + 3)*(5 - 71).
67
What are the prime factors of -6*(902/(-4) + -3) + 3?
2, 3, 229
Suppose 4*l + 12 = -2*s - 0*s, 4*l = 5*s + 2. Suppose 2*c - 4*u = 16, -u - 14 = -3*c - 0*u. List the prime factors of l/c + (-411)/(-6).
2, 17
What are the prime factors of (-4)/(-10)*(216 + 4 + -10)?
2, 3, 7
Suppose 90*n + 60 = 95*n. Suppose 4 - n = 4*t, 3*k - 73 = -t. What are the prime factors of k?
5
List the prime factors of (-9630)/105*(-39 + -3).
2, 3, 107
What are the prime factors of 6/16 - (160342/(-112) - -11)?
7, 29
Let w(d) = -201*d - 207. What are the prime factors of w(-9)?
2, 3, 89
Let q(r) = -36 - 2*r**3 - 9*r**2 - 64*r + 3*r**3 + 60*r. List the prime factors of q(11).
2, 3
Suppose -2*k - 10 = -7*k. Let i(s) = 0*s**2 - 2*s**2 + 3*s**k - 2 + 3*s + s**2. List the prime factors of i(-4).
2, 3
Let p = 131 + -127. Suppose 208 = 3*a + 31. Suppose p*v - 3*o - 2*o - 72 = 0, 3*v - 5*o = a. List the prime factors of v.
13
Let c = -3 - -5. Let x = 1 + c. Suppose 2*n - 125 = -x*n. List the prime factors of n.
5
Suppose 0 = 3*n + 3*m - 9, -m = 5*n - 0 - 23. Let p(b) = -4 + n + b - 3*b. List the prime factors of p(-4).
3
Suppose -108 = -3*m - 0*v + 3*v, 0 = m - 4*v - 36. Let b = 59 - m. What are the prime factors of b?
23
Let p(z) be the third derivative of z**6/120 + 2*z**5/15 - 2*z**4/3 - z**3/6 + 11*z**2. List the prime factors of p(-7).
2, 5
Let p = 329 + -190. What are the prime factors of p?
139
Suppose -11 = -z + 10. Let a = z + -20. Suppose 0 = -j - a + 11. What are the prime factors of j?
2, 5
Let z(u) be the third derivative of u**5/60 - u**4/8 - 5*u**3/3 - 4*u**2. Let g = 9 - 2. List the prime factors of z(g).
2, 3
Suppose 0 = p - 3*o - 6, -5*p + 74 + 0 = -4*o. Suppose 0 = p*w - 21*w + 270. What are the prime factors of w?
2, 3, 5
Let g be (-1)/(-4) + (4 - 245/20). List the prime factors of 27*-4*6/g.
3
Let f be 0 - (15/(-35) - 93/(-21)). List the prime factors of (f/(-6))/(12/198).
11
What are the prime factors of (-24)/4*-187 + -1?
19, 59
Suppose 21*v + 1052 = 20288. What are the prime factors of v?
2, 229
Suppose 7*l + 4211 - 14900 = 0. List the prime factors of l.
3, 509
Let r(a) = a**2 + 8*a - 13. Let h(y) = -y**2 - 4*y + 19. Let f be h(-6). List the prime factors of r(f).
2, 23
Suppose 11*z - 404 = 7*z. Suppose -n = -4*t + z, 4*n + 11 = t - 33. List the prime factors of t.
2, 3
Let c(k) = -k - 60. Let n be c(0). Let s be (1744/(-545))/(1/5). List the prime factors of (-3 + n/s)*52.
3, 13
Let y(z) be the second derivative of z**4/6 - 2*z**3 + z**2 - 8*z. What are the prime factors of y(10)?
2, 41
Let h = 4 - 4. Let n(c) = -7 + h - 11*c + 3. List the prime factors of n(-2).
2, 3
Suppose -2582 = -3*i - 2*g - 907, 3*i - 2*g - 1691 = 0. What are the prime factors of i?
3, 11, 17
Let m(c) = c**2 - 1. Let o be m(-3). Let u(h) = 13 - 9*h**2 + 8*h**2 - o*h - 5*h + 3*h. What are the prime factors of u(-6)?
37
Let q(x) = 7*x**2 + x + 3. Suppose 3 = 2*g - 3*m, g = -5*m - 6 - 12. Let z be q(g). Let i = -29 + z. What are the prime factors of i?
2, 17
Let c = 34 + -38. Let m = 3 - c. What are the prime factors of m?
7
Let p = 6232 + -3896. List the prime factors of p.
2, 73
Let t be 10172/6 + 12/(-9). List the prime factors of t/35 + -2 - (-2)/(-5).
2, 23
Let m(v) = 5*v**2 + 26*v + 24. List the prime factors of m(-12).
2, 3
Let r(o) = -4*o**2 + 154*o + 24. What are the prime factors of r(24)?
2, 3, 59
Let p(b) = 39*b + 241. List the prime factors of p(13).
2, 11, 17
Let i(x) = -2*x**2 + 5*x - 7. Let d(g) = -5*g**2 + 14*g - 20. Let l(z) = 4*d(z) - 11*i(z). What are the prime factors of l(-4)?
5
Suppose 322 = -2*g + 80. Let q = g - -223. List the prime factors of q.
2, 3, 17
Suppose 0 = 2*s - 609 - 25. List the prime factors of s.
317
Let h be -1*1*((-64)/8 - -6). Suppose h*j + 50 = 288. What are the prime factors of j?
7, 17
Let r = -100 + 71. Suppose 63 = v - l, -72 = 2*v - 5*l - 210. Let m = r + v. What are the prime factor